
22011
In base 5, what is 40 + 224?
314
In base 13, what is 120 + 0?
120
In base 9, what is 28307 - -2?
28310
In base 4, what is 2203 - 10?
2133
In base 11, what is -3 - -119?
116
In base 13, what is -46cc + 2?
-46ca
In base 3, what is 10220 + 10?
11000
In base 5, what is 34 - -1044?
1133
In base 6, what is 112 + -12?
100
In base 11, what is -12a49 - 0?
-12a49
In base 9, what is 0 - -652?
652
In base 8, what is -42 - 3?
-45
In base 8, what is -1 - 2032?
-2033
In base 7, what is -50 + 4?
-43
In base 8, what is 4713 - 0?
4713
In base 3, what is -1 + 102020?
102012
In base 3, what is -220 + 10?
-210
In base 5, what is 10 - 123?
-113
In base 2, what is -10111 - -100?
-10011
In base 11, what is -21160 + -3?
-21163
In base 15, what is 9c + 1?
9d
In base 3, what is 121110 + 0?
121110
In base 4, what is -1 - -102031?
102030
In base 14, what is -25 - -7b?
56
In base 2, what is 101 + 100000110?
100001011
In base 13, what is 1 - 52a?
-529
In base 5, what is -212 + 10?
-202
In base 10, what is 4 - -169?
173
In base 15, what is 17d + 2?
180
In base 4, what is -23 - -21?
-2
In base 10, what is -4727 + -3?
-4730
In base 9, what is 12 + 66?
78
In base 6, what is -10 + -1?
-11
In base 13, what is 4 - -206?
20a
In base 14, what is -4 + -2c?
-32
In base 2, what is 1100000 - 101110?
110010
In base 8, what is 3 + 36?
41
In base 3, what is 1022 + -12?
1010
In base 6, what is -522 - 2?
-524
In base 8, what is 3220 - 5?
3213
In base 10, what is 128 + 2?
130
In base 4, what is -23012 - -1?
-23011
In base 4, what is 2012 + -303?
1103
In base 16, what is 3e4f + -1?
3e4e
In base 2, what is 11 - 1111010?
-1110111
In base 8, what is 0 + -1071?
-1071
In base 2, what is -110 + -1000?
-1110
In base 7, what is -1526 + -32?
-1561
In base 3, what is 12 + 21112?
21201
In base 6, what is 31 - -353?
424
In base 4, what is -11020 - 3?
-11023
In base 10, what is -5 + 2014?
2009
In base 14, what is 49 + 72?
bb
In base 11, what is -44 + -397?
-430
In base 6, what is 3500 + -13?
3443
In base 8, what is 7 + -3?
4
In base 15, what is -5 - 1b5b?
-1b61
In base 4, what is 3 + 201013?
201022
In base 14, what is -5b9 + 3?
-5b6
In base 3, what is -1202 + -10122?
-12101
In base 3, what is 1 - -2000?
2001
In base 2, what is 10000001110 - 100010?
1111101100
In base 8, what is -16 - -371?
353
In base 2, what is 100 - -110110001?
110110101
In base 10, what is -1828 - -18?
-1810
In base 6, what is -101455 + 3?
-101452
In base 13, what is 1089 - 4?
1085
In base 6, what is 235 - 4?
231
In base 5, what is -3 - -103223?
103220
In base 15, what is -4 - -18?
14
In base 5, what is 4043 + -4?
4034
In base 3, what is 12 + -2021100?
-2021011
In base 10, what is 17 + -370?
-353
In base 9, what is 1415 + -5?
1410
In base 12, what is -142 - 2?
-144
In base 4, what is 10 - 1010?
-1000
In base 12, what is 0 + -6b?
-6b
In base 10, what is -6195 + 2?
-6193
In base 7, what is 1234 - -12?
1246
In base 2, what is 11100110 + -1010?
11011100
In base 12, what is 261 - 1?
260
In base 13, what is -36b - 10?
-37b
In base 5, what is -132 - 2?
-134
In base 9, what is -61 - -38?
-22
In base 10, what is -23 - -240?
217
In base 16, what is 4 - -3f?
43
In base 12, what is 2b - -4?
33
In base 12, what is 871 - 1b?
852
In base 3, what is -21120 - 1122?
-100012
In base 13, what is -2c2 - -6?
-2b9
In base 6, what is 0 - -12?
12
In base 14, what is -23a + -c?
-248
In base 8, what is 3 + -7?
-4
In base 4, what is 12 - 2213?
-2201
In base 13, what is 5 + -98?
-93
In base 15, what is -aa + -4?
-ae
In base 14, what is 312 - -5?
317
In base 14, what is a - -2?
c
In base 12, what is 3 - 699?
-696
In base 3, what is -11 + -22101?
-22112
In base 13, what is -8a1 - 4?
-8a5
In base 11, what is aa - -5?
104
In base 8, what is -41 + -17?
-60
In base 7, what is -4343 + -1?
-4344
In base 8, what is 116 - -5?
123
In base 12, what is 4 + -37?
-33
In base 5, what is -3 - -2434?
2431
In base 13, what is 0 - -24?
24
In base 11, what is -4 + 1101?
10a8
In base 5, what is -104 - -1031?
422
In base 16, what is 13 + -b?
8
In base 8, what is -7 + 2001?
1772
In base 5, what is -1110 - 4?
-1114
In base 6, what is 1 + 40?
41
In base 4, what is 3000310 + 2?
3000312
In base 16, what is -40 - 3?
-43
In base 6, what is -1 - 2321?
-2322
In base 11, what is -1a + -19?
-38
In base 2, what is -11000010101 - 1110?
-11000100011
In base 7, what is 5035 + -1?
5034
In base 16, what is -5 + 55?
50
In base 5, what is -31 + -40?
-121
In base 4, what is 3 - 323331?
-323322
In base 4, what is -220 - 23?
-303
In base 2, what is -100000000 + -101?
-100000101
In base 13, what is 2 - 88?
-86
In base 12, what is 412 - -2?
414
In base 11, what is -25 + 135?
110
In base 14, what is -9a - 4c?
-108
In base 6, what is -135 - 14?
-153
In base 8, what is 542 + -4?
536
In base 7, what is 265 - -1?
266
In base 9, what is 7 - 185?
-177
In base 8, what is 314 + -1?
313
In base 15, what is -e - 469?
-478
In base 4, what is -133 + 11?
-122
In base 13, what is -790 + 9?
-784
In base 13, what is 4 + 857?
85b
In base 14, what is 3 + 3c?
41
In base 14, what is -18 - 20d?
-227
In base 3, what is 1010 - -1?
1011
In base 15, what is -2 + 64?
62
In base 5, what is 4 - 1341?
-1332
In base 14, what is 3 + ab8?
abb
In base 3, what is -10 + 221?
211
In base 14, what is 0 - 3a?
-3a
In base 10, what is -1 + 63?
62
In base 6, what is 1 + -2034?
-2033
In base 2, what is 1100110100000 - -101?
1100110100101
In base 8, what is 0 + -1065?
-1065
In base 10, what is -6 - -22?
16
In base 15, what is 68 - -2?
6a
In base 11, what is -606 + -3?
-609
In base 15, what is -3 - 3?
-6
In base 11, what is 9 - 18?
-a
In base 13, what is -14 + 6?
-b
In base 16, what is b2 + 25?
d7
In base 6, what is 100 - -133?
233
In base 8, what is 1 + 13?
14
In base 6, what is 1 - -15?
20
In base 2, what is 111 + 1101000001?
1101001000
In base 13, what is 3 + 130?
133
In base 3, what is 2 + 120201?
120210
In base 10, what is 570 + 13?
583
In base 6, what is 3 - -141?
144
In base 11, what is 2 + -1376?
-1374
In base 6, what is 50 - 121?
-31
In base 3, what is -11 + 22211022?
22211011
In base 12, what is 3 - 27?
-24
In base 13, what is 4 - -8c5?
8c9
In base 14, what is -ba8 - -b?
-b9b
In base 7, what is -31 + 5?
-23
In base 10, what is -5 + 5985?
5980
In base 10, what is 1 + 135?
136
In base 14, what is -4 + -221?
-225
In base 12, what is a965 + 0?
a965
In base 6, what is 1121 - -1?
1122
In base 9, what is -66 - 128?
-205
In base 10, what is 1 - 11?
-10
In base 9, what is -5 + 1326?
1321
In base 3, what is 11 + -201212?
-201201
In base 4, what is -13 + -2033?
-2112
In base 9, what is 3 + 54?
57
In base 4, what is -1 - -30013?
30012
In base 5, what is -114 - 21?
-140
In base 13, what is 132 + -1?
131
In base 11, what is -4 + -6a9?
-702
In base 15, what is 10 + -78?
-68
In base 9, what is 4 + 45?
50
In base 6, what is -13310 + 4?
-13302
In base 5, what is -2 - 33314?
-33321
In base 16, what is 102 + 35?
137
In base 2, what is 100101 - -11011?
1000000
In base 14, what is ccdd + 1?
cd00
In base 9, what is -865 + -14?
-880
In base 4, what is -31 - 11?
-102
In base 4, what is -303 - 11?
-320
In base 2, what is 1101011100 + -101?
1101010111
In base 8, what is -223 - -7?
-214
In base 2, what is 1010100111 + -10001?
1010010110
In base 12, what is -483 - -9?
-476
In base 4, what is -3 - -1100?
1031
In base 8, what is -26 - 11?
-37
In base 3, what is 200101210 - -11?
200101221
In base 7, what is -14401 - -11?
-14360
In base 11, what is -142 - 4?
-146
In base 9, what is 3 + -153?
-150
In base 6, what is 1 + -234?
-233
In base 9, what is -13652 - -5?
-13646
In base 15, what is -93 + 0?
-93
In base 7, what is -25 - -1060?
1032
In base 2, what is -1001 + -1001?
-10010
In base 12, what is -367 - -5?
-362
In base 16, what is cf - -1?
d0
In base 12, what is 103 + -5?
ba
In base 12, what is 4 + 39?
41
In base 10, what is -674 + -5?
-679
In base 15, what is 91a - -1?
91b
In base 14, what is 15 + 76?
8b
In base 16, what is -c9 - -30?
-99
In base 12, what is -105 + -1b?
-124
In base 11, what is -804 + -3?
-807
In base 5, what is -10 + -12340?
-12400
In base 11, what is -1 - 7?
-8
In base 8, what is 0 + 245?
245
In base 14, what is -d - 122?
-131
In base 11, what is 9 - -2?
10
In base 9, what is -82 + 4?
-77
In base 14, what is 550 - -4?
554
In base 13, what is -4 